, q = -6*f + 2*f + 3*h + 6. Let u(v) = v**2 + 6*v + 6. Calculate the remainder when u(-7) is divided by f.
1
Let b = 57 - -200. Let s = 261 - b. Suppose 0*o + o = 35. What is the remainder when o is divided by s?
3
What is the remainder when ((-14)/(-112))/((-25)/(-12200)) is divided by ((-4)/(-6))/(1/48)?
29
Suppose -i + 55 + 11 = 0. Suppose -i = -11*x + 9*x. Calculate the remainder when x is divided by (-66)/(-4) - 5/(-7 - 3).
16
Let s(c) = 103*c**2 + 34*c + 59. Calculate the remainder when s(-2) is divided by 192.
19
Let s = -1000 - -1106. Calculate the remainder when 2436 is divided by s.
104
Let k(s) = 46*s**2 + s. Let h(d) = 3*d**2 - 12311*d - 61541. What is the remainder when h(-5) is divided by k(1)?
42
Suppose -204 + 519 = 3*i. Suppose 0 = 9*j - 14*j + i. Calculate the remainder when 102 is divided by j.
18
Suppose 12055 + 20162 = 24*w - 3567. Calculate the remainder when w is divided by 194.
133
Suppose 222*n - 430619 = 559991 - 138130. What is the remainder when n is divided by 33?
12
Suppose -40*x + 52*x - 60 = 0. Suppose 5*g - 5 - 280 = -x*l, 5*l = -10. What is the remainder when g is divided by 8?
3
Let w = -99 - -102. Let l(h) = h**3 + 9*h**2 + 18*h + 10. Calculate the remainder when (-36)/w*(4 + -5) is divided by l(-6).
2
What is the remainder when (-1 - 66/18)/(1/(-48)) is divided by 23?
17
Suppose 9 = -0*b + 3*b. Suppose 0 = b*f + 2*f - 240. Suppose 100 = 196*m + 191*m - 377*m. Calculate the remainder when f is divided by m.
8
Let l = 1772 + 1116. Calculate the remainder when l is divided by 49.
46
Suppose -3*l + 91 = w, 9*w - 32 = -l + 7*w. Let t(n) = 82*n**2. Calculate the remainder when t(1) is divided by 5*9/l*14.
19
Let c(n) = -n**2 + 3*n + 21. Let i(q) = 5*q - 25. Suppose 4*g = 16 + 8. Let b be i(g). What is the remainder when 27 is divided by c(b)?
5
Let f = 7771 - 7756. Calculate the remainder when 201 is divided by f.
6
Suppose -126*j - 256 - 50 = -144*j. What is the remainder when 4093 is divided by j?
13
Suppose -9934 + 9912 = -11*r. Calculate the remainder when 87 is divided by r.
1
Suppose -6*p + 0*p = 0. Suppose -3*f - 4*k - 395 = -2066, p = -k. Calculate the remainder when f is divided by 43.
41
Suppose -10*t + 7*t = -3*b + 27, 2*b - 18 = 5*t. Suppose -b*a = 12*a - 1848. Calculate the remainder when a is divided by 13.
10
Calculate the remainder when 2469 is divided by (-2)/(-27) - (-2448953)/6939.
351
Suppose -d + 485 = d - 609. Calculate the remainder when d is divided by 31.
20
Let c(r) = 11*r - 29*r + 4*r**2 + 6*r + 17*r + 4 - r**3. Calculate the remainder when 44 is divided by c(3).
16
Let p = -14791 - -14835. Calculate the remainder when 3471 is divided by p.
39
Let q(p) = p**3 - 3*p**2 - 6*p + 2. Let v be q(4). Let z be (-42)/12 + (-9)/v. Let c = z + 16. What is the remainder when c is divided by 5?
4
Suppose -123*g + 125*g = -36. What is the remainder when 237 is divided by (23 - -1) + (g - -24)?
27
Suppose -4*l - 163 + 64 = -5*z, 2*z = 5*l + 43. Calculate the remainder when 930 is divided by z.
18
Let m = -171 - -96. Let p = m - -113. Calculate the remainder when 149 is divided by p.
35
Let w = 78 - 80. Calculate the remainder when -3 + (0 - w) - -14 is divided by 7.
6
Let i = 5794 + -5345. What is the remainder when i is divided by 15?
14
Let s(k) = -3*k + 142. Suppose -35*z = -23*z + 336. What is the remainder when s(z) is divided by 46?
42
Suppose -4*n - 142 + 698 = 0. Let v be -5*(-9)/75 - 4/(-10). What is the remainder when n is divided by (-19 + 54)*(v + 0)?
34
Let f be ((-8)/12)/(4/(-18)). Suppose -2*z = f*w - 71, 4*w - 5 = 4*z - 157. Suppose 185 = -15*j + 1280. Calculate the remainder when j is divided by z.
36
Suppose -1208 = 3*r - 1349. What is the remainder when r is divided by (-2)/9 + 595/45?
8
Suppose -5*x - 2 + 25 = t, -3*x = 5*t - 27. Suppose 3*g = 248 + 25. Calculate the remainder when g is divided by x/10 + 678/30.
22
Suppose u + 4*y - 27 = 0, -4*y = -4*u + 48 - 0. Calculate the remainder when 5488 is divided by u.
13
Suppose 0 = 3*w - 4*u + 17, -4*w + 3*w - 1 = u. Let k be w + (-50)/(-15) + (-3622)/(-6). Suppose 6*t = 2*t + k. Calculate the remainder when t is divided by 38.
37
Suppose -24*v = -23*v - 84. Suppose -v - 123 = -9*i. What is the remainder when 66 is divided by i?
20
Suppose -2*u = -4*f - 22 + 10, 0 = 2*f - 3*u + 14. What is the remainder when (-9338)/(-92)*f/((-7)/4) is divided by 19?
1
What is the remainder when 772 is divided by 2/(-15) + (187502/210)/59?
7
Suppose 2 = -10*b + 11*b. Suppose -17*u + 2670 = -b*u. What is the remainder when u is divided by 20?
18
Let s(x) = -4*x**2 + 173*x - 378. Calculate the remainder when s(38) is divided by 140.
0
Let x(s) = 5*s**2 + 17 + s - 7 - 2*s**2 - 2*s**2. Calculate the remainder when x(-9) is divided by 43.
39
Let u = -8 - 11. Let g = 38 + u. Suppose g*y - 16*y = 213. Calculate the remainder when y is divided by 12.
11
Suppose -18*f = -164348 - 7544 - 83834. Calculate the remainder when f is divided by 96.
95
Suppose -s + 7*b = -47, 0 = -s + 974*b - 970*b + 44. Suppose 2*o = -o + 81. Calculate the remainder when s is divided by o.
13
Suppose -12 - 13 = -z. Suppose z*h = 22*h + 183. Let m = h + 66. What is the remainder when m is divided by 33?
28
Suppose 6*j = 12*j - 5*j - 102. What is the remainder when 3161 is divided by j?
101
Let p be (87/12)/(4/1040). Suppose -572*j + p = -567*j. What is the remainder when j is divided by 63?
62
Suppose l - 1 = 0, 2*l + l + 78 = 3*x. Suppose -200*q + 4236 + 12164 = 0. What is the remainder when q is divided by x?
1
Suppose -712 + 485 = -9*l + 1204. Calculate the remainder when l is divided by 65.
29
Let d be (-4)/(-14) + (-6132)/(-147). Suppose 5*f - 6 = 4*q + 65, -3*f = -3*q - d. Calculate the remainder when 69 is divided by f.
9
Let j(f) = -f**3 - 15*f**2 + 17*f + 29. Suppose -5*c - 2*b - 72 = 0, c + b + 24 = 3*b. What is the remainder when 4/(-20) - (-372)/10 is divided by j(c)?
11
What is the remainder when (6414728/540 - 30/25) + 4/54 is divided by 270?
268
Suppose 2*i - 50 = -3*i. Suppose -11 - i = -3*q. Suppose 97*p = 3*p + 846. Calculate the remainder when p is divided by q.
2
Let y(j) = 4*j**3 + 5*j**2 - 74*j + 19. What is the remainder when y(5) is divided by 12?
10
Suppose 3*s - 30 = 12. Let a(d) = 36 + 16 + 16 - d. What is the remainder when a(0) is divided by s?
12
Suppose 11*f + 68 - 145 = 0. What is the remainder when 325 is divided by f?
3
Suppose 3*p - 453 = -3*n, 0 = 7*p - 3*p + 5*n - 604. Suppose -5*r - 56 + p = 0. Calculate the remainder when r is divided by (-18 + 24)/(12/14).
5
Let v = 27811 - 27455. What is the remainder when 361 is divided by v?
5
Suppose 46 = 5*q + 6. Suppose -h + 190 - 28 = 0. Let u = h - 5. Calculate the remainder when u is divided by q.
5
Calculate the remainder when (238/(-6))/(-4 + (-33)/(-9)) is divided by 575/95 - 17/323.
5
Let l(u) be the first derivative of 2*u**2 + 23*u + 1. Suppose -24*j - 650 = 106*j. Calculate the remainder when 14 is divided by l(j).
2
Let o(d) = 17*d**2 + 49*d + 315. What is the remainder when o(-8) is divided by 26?
23
Suppose -3*w = -2*b - 72, 3 = -4*b - 9. Calculate the remainder when 152/(-24) + 18430/291 is divided by w.
13
Suppose 1985 - 710 = 15*j. Let m(l) = 3*l + 88. What is the remainder when j is divided by m(-23)?
9
Let p = 13829 + -13746. Calculate the remainder when 139 is divided by p.
56
What is the remainder when (-4)/(-14) - 2124/(-14) is divided by 49 - 15642/330 - (-267)/5?
42
Let r(w) = -w**3 - 29*w**2 - 72*w - 1140. What is the remainder when 931 is divided by r(-28)?
11
Let q = 1465 + -2208. Let d = q - -860. What is the remainder when d is divided by 24?
21
Let d be (-222)/(-4) - (270/(-12))/(-15). What is the remainder when 143 is divided by (d/(-21))/(45/(-210))?
11
Let v be 42/18*-3 - 3. Let y(q) = -2*q**2 - 23*q + 3. Calculate the remainder when y(v) is divided by 17.
16
Let d = -665 + 906. Calculate the remainder when d is divided by 27.
25
Let w be ((-6)/4 + 0)*14. Let i = -15051 - -15010. Let t = w - i. Calculate the remainder when t is divided by 11.
9
Suppose 0 = -31*u + 30*u + 3. Suppose 4*c + 24 = -3*l, 3*c = 5*l - 15 - u. What is the remainder when 10 is divided by (38/c + 7)*30/4?
0
What is the remainder when 21*((-1 - -1) + 1440/168) is divided by 30?
0
Suppose 0*f + q = -2